{"id":17,"date":"2022-08-14T14:32:04","date_gmt":"2022-08-14T14:32:04","guid":{"rendered":"https:\/\/www.postens-mf.dk\/?page_id=17"},"modified":"2026-01-18T15:43:04","modified_gmt":"2026-01-18T15:43:04","slug":"velkommen-til-postens-marchforening","status":"publish","type":"page","link":"https:\/\/www.postens-mf.dk\/","title":{"rendered":"Velkommen til Postens Marchforening"},"content":{"rendered":"\n<p><\/p>\n\n\n\n<p><strong>Tak til alle deltagere p\u00e5 julem\u00e6rkemarch 7. december 2025 &#8211; jeres st\u00f8tte til Julem\u00e6rkehjemmene g\u00f8r en forskel. <\/strong><\/p>\n\n\n\n<figure class=\"wp-block-image size-full\"><img loading=\"lazy\" decoding=\"async\" width=\"407\" height=\"288\" src=\"https:\/\/www.postens-mf.dk\/wp-content\/uploads\/2025\/08\/Skaermbillede-2025-08-10-172100.png\" alt=\"\" class=\"wp-image-654\" srcset=\"https:\/\/www.postens-mf.dk\/wp-content\/uploads\/2025\/08\/Skaermbillede-2025-08-10-172100.png 407w, https:\/\/www.postens-mf.dk\/wp-content\/uploads\/2025\/08\/Skaermbillede-2025-08-10-172100-300x212.png 300w\" sizes=\"auto, (max-width: 407px) 100vw, 407px\" \/><\/figure>\n\n\n\n<p>&#8212;&#8212;&#8212;&#8212;&#8212;&#8212;&#8212;&#8212;&#8212;&#8212;&#8212;&#8212;&#8212;&#8212;&#8212;&#8212;&#8212;&#8212;&#8212;&#8212;&#8212;&#8212;&#8212;&#8212;&#8212;&#8212;&#8212;&#8212;&#8212;&#8212;&#8212;&#8212;&#8211;<\/p>\n\n\n\n<figure class=\"wp-block-gallery has-nested-images columns-default is-cropped wp-block-gallery-1 is-layout-flex wp-block-gallery-is-layout-flex\"><\/figure>\n\n\n\n<p><\/p>\n\n\n\n<p><strong>Her er de vandreture,&nbsp;som vi har med i Vandrekalenderen&nbsp;&#8211;&nbsp;og andre aktiviteter<\/strong><\/p>\n\n\n\n<ul class=\"wp-block-list\">\n<li><a href=\"https:\/\/www.postens-mf.dk\/?page_id=135\" target=\"_blank\" rel=\"noreferrer noopener\">Postmarchen<\/a><\/li>\n\n\n\n<li><a href=\"https:\/\/www.postens-mf.dk\/?page_id=146\" target=\"_blank\" rel=\"noreferrer noopener\">Ladywalk<\/a><\/li>\n\n\n\n<li><a href=\"https:\/\/www.postens-mf.dk\/?page_id=76\" target=\"_blank\" rel=\"noreferrer noopener\">B\u00f8rnemarchen<\/a><\/li>\n\n\n\n<li><a href=\"https:\/\/www.postens-mf.dk\/?page_id=87\">Bob-<\/a><a href=\"https:\/\/www.postens-mf.dk\/?page_id=87\" target=\"_blank\" rel=\"noreferrer noopener\">turnering<\/a><\/li>\n\n\n\n<li><a href=\"https:\/\/www.postens-mf.dk\/?page_id=151\" target=\"_blank\" rel=\"noreferrer noopener\">Euraudax<\/a><\/li>\n\n\n\n<li><a href=\"https:\/\/www.postens-mf.dk\/?page_id=110\" target=\"_blank\" rel=\"noreferrer noopener\">Bankospil<\/a><\/li>\n\n\n\n<li><a href=\"https:\/\/www.postens-mf.dk\/?page_id=131\" target=\"_blank\" rel=\"noreferrer noopener\">Indk\u00f8bstur<\/a><a href=\"https:\/\/www.postens-mf.dk\/?page_id=131\"> til Tyskland<\/a><\/li>\n\n\n\n<li><a href=\"https:\/\/www.postens-mf.dk\/?page_id=160\" target=\"_blank\" rel=\"noreferrer noopener\">Julem\u00e6rkemarchen<\/a><\/li>\n\n\n\n<li><a href=\"https:\/\/www.postens-mf.dk\/?page_id=167\" target=\"_blank\" rel=\"noreferrer noopener\">Juletr\u00e6sfest<\/a><\/li>\n<\/ul>\n\n\n\n<p><strong>L\u00e6s mere om turene under Marcharrangementer.<\/strong><\/p>\n\n\n\n<p><\/p>\n\n\n\n<p><\/p>\n\n\n\n<p><\/p>\n","protected":false},"excerpt":{"rendered":"<p>Tak til alle deltagere p\u00e5 julem\u00e6rkemarch 7. december 2025 &#8211; jeres st\u00f8tte til Julem\u00e6rkehjemmene g\u00f8r en forskel. &#8212;&#8212;&#8212;&#8212;&#8212;&#8212;&#8212;&#8212;&#8212;&#8212;&#8212;&#8212;&#8212;&#8212;&#8212;&#8212;&#8212;&#8212;&#8212;&#8212;&#8212;&#8212;&#8212;&#8212;&#8212;&#8212;&#8212;&#8212;&#8212;&#8212;&#8212;&#8212;&#8211; Her er de vandreture,&nbsp;som vi har med i Vandrekalenderen&nbsp;&#8211;&nbsp;og andre aktiviteter L\u00e6s mere om turene under Marcharrangementer.<\/p>\n","protected":false},"author":1,"featured_media":0,"parent":0,"menu_order":1,"comment_status":"closed","ping_status":"closed","template":"","meta":{"footnotes":""},"class_list":["post-17","page","type-page","status-publish","hentry"],"_links":{"self":[{"href":"https:\/\/www.postens-mf.dk\/index.php?rest_route=\/wp\/v2\/pages\/17","targetHints":{"allow":["GET"]}}],"collection":[{"href":"https:\/\/www.postens-mf.dk\/index.php?rest_route=\/wp\/v2\/pages"}],"about":[{"href":"https:\/\/www.postens-mf.dk\/index.php?rest_route=\/wp\/v2\/types\/page"}],"author":[{"embeddable":true,"href":"https:\/\/www.postens-mf.dk\/index.php?rest_route=\/wp\/v2\/users\/1"}],"replies":[{"embeddable":true,"href":"https:\/\/www.postens-mf.dk\/index.php?rest_route=%2Fwp%2Fv2%2Fcomments&post=17"}],"version-history":[{"count":91,"href":"https:\/\/www.postens-mf.dk\/index.php?rest_route=\/wp\/v2\/pages\/17\/revisions"}],"predecessor-version":[{"id":722,"href":"https:\/\/www.postens-mf.dk\/index.php?rest_route=\/wp\/v2\/pages\/17\/revisions\/722"}],"wp:attachment":[{"href":"https:\/\/www.postens-mf.dk\/index.php?rest_route=%2Fwp%2Fv2%2Fmedia&parent=17"}],"curies":[{"name":"wp","href":"https:\/\/api.w.org\/{rel}","templated":true}]}}