{"id":167,"date":"2022-08-24T19:50:21","date_gmt":"2022-08-24T19:50:21","guid":{"rendered":"https:\/\/www.postens-mf.dk\/?page_id=167"},"modified":"2025-03-18T21:22:15","modified_gmt":"2025-03-18T21:22:15","slug":"juletraesfest","status":"publish","type":"page","link":"https:\/\/www.postens-mf.dk\/?page_id=167","title":{"rendered":"Juletr\u00e6sfest"},"content":{"rendered":"\n<p><br>Postens Marchforening afholder hvert \u00e5r den 2. s\u00f8ndag i december en juletr\u00e6sfest for medlemmerne. Det er et arrangement for hele familien.<\/p>\n\n\n\n<p><strong>Juletr\u00e6sfest s\u00f8ndag d. 14 .december 2025 kl. 14.00 \u2013 17.00 i Fritidscentret Skovvang, Skovvangsvej, \u00c5rhus N.<\/strong><br><br>D\u00f8rene \u00e5bnes kl. 13.30.<\/p>\n\n\n\n<p>BEM\u00c6RK: Nedenst\u00e5ende er 2024 priser, der kan blive \u00e6ndret inden arrangementet<\/p>\n\n\n\n<p>Pris for deltagelse medlemmer:<br>B\u00f8rn 30 kr. \ud83c\udf84 Voksne 50 kr.<br>G\u00e6ster og passive medlemmer<br>B\u00f8rn 80 kr. \ud83c\udf84 Voksne 60 kr.<\/p>\n\n\n\n<p><\/p>\n\n\n\n<p>Vi er desv\u00e6rre n\u00f8dsaget til at s\u00e6tte deltagerbegr\u00e6nsning p\u00e5 130<br>personer.<br>S\u00e5 vil du\/I v\u00e6re sikre p\u00e5 at komme med, s\u00e5 meld dig\/jer til med det<br>samme.<br>Tilmelding og betaling kan kun ske til: Festudvalget, kassereren eller<br>formanden.<br>Sidste frist for tilmelding er 27. november 2025.<br>Husk ved tilmelding at oplyse navn og alder p\u00e5 b\u00f8rnene.<\/p>\n","protected":false},"excerpt":{"rendered":"<p>Postens Marchforening afholder hvert \u00e5r den 2. s\u00f8ndag i december en juletr\u00e6sfest for medlemmerne. Det er et arrangement for hele familien. Juletr\u00e6sfest s\u00f8ndag d. 14 .december 2025 kl. 14.00 \u2013 17.00 i Fritidscentret Skovvang, Skovvangsvej, \u00c5rhus N. D\u00f8rene \u00e5bnes kl. &hellip; <a href=\"https:\/\/www.postens-mf.dk\/?page_id=167\">L\u00e6s resten <span class=\"meta-nav\">&rarr;<\/span><\/a><\/p>\n","protected":false},"author":1,"featured_media":0,"parent":83,"menu_order":6,"comment_status":"closed","ping_status":"closed","template":"","meta":{"footnotes":""},"class_list":["post-167","page","type-page","status-publish","hentry"],"_links":{"self":[{"href":"https:\/\/www.postens-mf.dk\/index.php?rest_route=\/wp\/v2\/pages\/167","targetHints":{"allow":["GET"]}}],"collection":[{"href":"https:\/\/www.postens-mf.dk\/index.php?rest_route=\/wp\/v2\/pages"}],"about":[{"href":"https:\/\/www.postens-mf.dk\/index.php?rest_route=\/wp\/v2\/types\/page"}],"author":[{"embeddable":true,"href":"https:\/\/www.postens-mf.dk\/index.php?rest_route=\/wp\/v2\/users\/1"}],"replies":[{"embeddable":true,"href":"https:\/\/www.postens-mf.dk\/index.php?rest_route=%2Fwp%2Fv2%2Fcomments&post=167"}],"version-history":[{"count":10,"href":"https:\/\/www.postens-mf.dk\/index.php?rest_route=\/wp\/v2\/pages\/167\/revisions"}],"predecessor-version":[{"id":604,"href":"https:\/\/www.postens-mf.dk\/index.php?rest_route=\/wp\/v2\/pages\/167\/revisions\/604"}],"up":[{"embeddable":true,"href":"https:\/\/www.postens-mf.dk\/index.php?rest_route=\/wp\/v2\/pages\/83"}],"wp:attachment":[{"href":"https:\/\/www.postens-mf.dk\/index.php?rest_route=%2Fwp%2Fv2%2Fmedia&parent=167"}],"curies":[{"name":"wp","href":"https:\/\/api.w.org\/{rel}","templated":true}]}}