{"id":131,"date":"2022-08-21T19:54:04","date_gmt":"2022-08-21T19:54:04","guid":{"rendered":"https:\/\/www.postens-mf.dk\/?page_id=131"},"modified":"2025-11-13T18:18:16","modified_gmt":"2025-11-13T18:18:16","slug":"tysklandstur","status":"publish","type":"page","link":"https:\/\/www.postens-mf.dk\/?page_id=131","title":{"rendered":"Tysklandstur"},"content":{"rendered":"\n<p><\/p>\n\n\n\n<p><\/p>\n\n\n\n<p><strong>Turen til Tarp 16. november 2025<\/strong> <\/p>\n\n\n\n<p><strong>Turen er desv\u00e6rre aflyst pga. for f\u00e5 tilmeldinger<\/strong><\/p>\n\n\n\n<p><\/p>\n\n\n\n<p>Vanen tro afholder vi vores \u00e5rlige tur til Tyskland. I 2025 k\u00f8rer vi til Tarp 16. november. <\/p>\n\n\n\n<p>F\u00f8rst en vandretur og s\u00e5 stop ved gr\u00e6nsen med mulighed for indk\u00f8b.<\/p>\n\n\n\n<div class=\"wp-block-group\"><div class=\"wp-block-group__inner-container is-layout-constrained wp-block-group-is-layout-constrained\">\n<div class=\"wp-block-group\"><div class=\"wp-block-group__inner-container is-layout-constrained wp-block-group-is-layout-constrained\">\n<ul class=\"wp-block-list\">\n<li>Priser for turen<\/li>\n\n\n\n<li>Medlemmer af foreningen   50 kr.<\/li>\n\n\n\n<li>G\u00e6ster                                     150 kr.<\/li>\n<\/ul>\n<\/div><\/div>\n<\/div><\/div>\n\n\n\n<p>Sidste frist for tilmelding er mandag d. 27. oktober til en fra<br>bestyrelsen.<br>Tilmelding er f\u00f8rst g\u00e6ldende ved betaling.<br><\/p>\n\n\n\n<p>Bestyrelsen<\/p>\n\n\n\n<p><\/p>\n\n\n\n<figure class=\"wp-block-image size-full is-resized\"><img loading=\"lazy\" decoding=\"async\" width=\"1024\" height=\"610\" src=\"https:\/\/www.postens-mf.dk\/wp-content\/uploads\/2022\/08\/Faellesture-1024x610-1.jpg\" alt=\"\" class=\"wp-image-126\" style=\"width:768px;height:458px\" srcset=\"https:\/\/www.postens-mf.dk\/wp-content\/uploads\/2022\/08\/Faellesture-1024x610-1.jpg 1024w, https:\/\/www.postens-mf.dk\/wp-content\/uploads\/2022\/08\/Faellesture-1024x610-1-300x179.jpg 300w, https:\/\/www.postens-mf.dk\/wp-content\/uploads\/2022\/08\/Faellesture-1024x610-1-768x458.jpg 768w\" sizes=\"auto, (max-width: 1024px) 100vw, 1024px\" \/><\/figure>\n","protected":false},"excerpt":{"rendered":"<p>Turen til Tarp 16. november 2025 Turen er desv\u00e6rre aflyst pga. for f\u00e5 tilmeldinger Vanen tro afholder vi vores \u00e5rlige tur til Tyskland. I 2025 k\u00f8rer vi til Tarp 16. november. F\u00f8rst en vandretur og s\u00e5 stop ved gr\u00e6nsen med &hellip; <a href=\"https:\/\/www.postens-mf.dk\/?page_id=131\">L\u00e6s resten <span class=\"meta-nav\">&rarr;<\/span><\/a><\/p>\n","protected":false},"author":1,"featured_media":0,"parent":118,"menu_order":3,"comment_status":"closed","ping_status":"closed","template":"","meta":{"footnotes":""},"class_list":["post-131","page","type-page","status-publish","hentry"],"_links":{"self":[{"href":"https:\/\/www.postens-mf.dk\/index.php?rest_route=\/wp\/v2\/pages\/131","targetHints":{"allow":["GET"]}}],"collection":[{"href":"https:\/\/www.postens-mf.dk\/index.php?rest_route=\/wp\/v2\/pages"}],"about":[{"href":"https:\/\/www.postens-mf.dk\/index.php?rest_route=\/wp\/v2\/types\/page"}],"author":[{"embeddable":true,"href":"https:\/\/www.postens-mf.dk\/index.php?rest_route=\/wp\/v2\/users\/1"}],"replies":[{"embeddable":true,"href":"https:\/\/www.postens-mf.dk\/index.php?rest_route=%2Fwp%2Fv2%2Fcomments&post=131"}],"version-history":[{"count":21,"href":"https:\/\/www.postens-mf.dk\/index.php?rest_route=\/wp\/v2\/pages\/131\/revisions"}],"predecessor-version":[{"id":716,"href":"https:\/\/www.postens-mf.dk\/index.php?rest_route=\/wp\/v2\/pages\/131\/revisions\/716"}],"up":[{"embeddable":true,"href":"https:\/\/www.postens-mf.dk\/index.php?rest_route=\/wp\/v2\/pages\/118"}],"wp:attachment":[{"href":"https:\/\/www.postens-mf.dk\/index.php?rest_route=%2Fwp%2Fv2%2Fmedia&parent=131"}],"curies":[{"name":"wp","href":"https:\/\/api.w.org\/{rel}","templated":true}]}}

<p></p>



<p></p>



<p><strong>Turen til Tarp 16. november 2025</strong> </p>



<p><strong>Turen er desværre aflyst pga. for få tilmeldinger</strong></p>



<p></p>



<p>Vanen tro afholder vi vores årlige tur til Tyskland. I 2025 kører vi til Tarp 16. november. </p>



<p>Først en vandretur og så stop ved grænsen med mulighed for indkøb.</p>



<div class="wp-block-group"><div class="wp-block-group__inner-container is-layout-constrained wp-block-group-is-layout-constrained">
<div class="wp-block-group"><div class="wp-block-group__inner-container is-layout-constrained wp-block-group-is-layout-constrained">
<ul class="wp-block-list">
<li>Priser for turen</li>



<li>Medlemmer af foreningen   50 kr.</li>



<li>Gæster                                     150 kr.</li>
</ul>
</div></div>
</div></div>



<p>Sidste frist for tilmelding er mandag d. 27. oktober til en fra<br>bestyrelsen.<br>Tilmelding er først gældende ved betaling.<br></p>



<p>Bestyrelsen</p>



<p></p>



<figure class="wp-block-image size-full is-resized"><img loading="lazy" decoding="async" width="1024" height="610" src="https://www.postens-mf.dk/wp-content/uploads/2022/08/Faellesture-1024x610-1.jpg" alt="" class="wp-image-126" style="width:768px;height:458px" srcset="https://www.postens-mf.dk/wp-content/uploads/2022/08/Faellesture-1024x610-1.jpg 1024w, https://www.postens-mf.dk/wp-content/uploads/2022/08/Faellesture-1024x610-1-300x179.jpg 300w, https://www.postens-mf.dk/wp-content/uploads/2022/08/Faellesture-1024x610-1-768x458.jpg 768w" sizes="auto, (max-width: 1024px) 100vw, 1024px" /></figure>

<p>Turen til Tarp 16. november 2025 Turen er desværre aflyst pga. for få tilmeldinger Vanen tro afholder vi vores årlige tur til Tyskland. I 2025 kører vi til Tarp 16. november. Først en vandretur og så stop ved grænsen med &hellip; <a href="https://www.postens-mf.dk/?page_id=131">Læs resten <span class="meta-nav">&rarr;</span></a></p>
